48. Let a = -1419 + 1525. What is the remainder when a is divided by l?
51
Let y(g) = 238*g - 16111. Calculate the remainder when 662 is divided by y(68).
5
Suppose b - 4*b + 48 = 0. Suppose -5*t + w = -3*t - 443, -4*t = 3*w - 871. Suppose -t = -5*d + 165. Calculate the remainder when d is divided by b.
13
Let i(t) = -399*t + 6550. Calculate the remainder when 649 is divided by i(16).
151
Let s(p) = p**2 - 2*p - 1. Let l(f) = f**2 + 69*f - 110. Let h(x) = l(x) + 2*s(x). Calculate the remainder when h(-30) is divided by 32.
30
Let k(f) = -f**3 - 14*f**2 + 40*f + 392. What is the remainder when 6832 is divided by k(-15)?
15
Suppose -2*t + 5 = -2*z - 105, 3*z = 4*t - 220. Suppose h + 2*h = -15, -4*h = -5*k + t. Suppose 17 = l - 1. Calculate the remainder when l is divided by k.
4
Let v be (-21)/7*((-344)/(-6) + -1). Let c = v - -249. Let j(u) = -2*u**3 + u**2 - 5*u - 3. What is the remainder when c is divided by j(-2)?
26
Suppose 16*g = -7*g + 115. Suppose 10*s = g*s - 5*n + 905, 2*n - 542 = -3*s. Calculate the remainder when s is divided by 38.
28
Let s(m) be the second derivative of m**5/20 - m**4/4 + 5*m**2/2 - 3*m. Calculate the remainder when ((-10800)/42)/(-8) + (-7)/49 is divided by s(4).
11
Suppose -9*w - 2064 = -22*w - 4*x, 27 = 3*x. Calculate the remainder when 2797 is divided by w.
145
Let l be 1481/(-5) - 18/(-90). Let m = l + 542. Calculate the remainder when m is divided by 63.
57
Let m be ((-1)/3 - 3)*51. Let h = 287 + m. Calculate the remainder when h is divided by 21.
12
Suppose 4550 = 32*f - 5775 + 3125. Calculate the remainder when f is divided by 143.
82
Let u = -2716 + 7005. Calculate the remainder when u is divided by 148.
145
Let r(p) = -6*p**3 - 3*p**2 - 11*p - 3. Let q be r(-3). Calculate the remainder when 124 is divided by (13/(-11) - -1) + 4155/q.
24
Let n = 16973 + -15014. Calculate the remainder when n is divided by 5.
4
Suppose -3*t + q = -15, 3*t - 2*t = -4*q - 8. Let n = 5 - -1. Calculate the remainder when n is divided by (t/(-2))/((-6)/12).
2
Let p(u) = u**2 - 15*u + 26. Let b be p(13). Suppose b = -2*w + 23 + 9. Calculate the remainder when (-723)/(-12) - 1/4 is divided by w.
12
Let x(v) = -9*v - 3. Let c = -72 - -224. Let l = 342 - c. Calculate the remainder when l is divided by x(-3).
22
Suppose -11*o = 2*o - 793. Let x = 139 - o. Calculate the remainder when x is divided by 26.
0
Suppose 0 = 4*z + 2*o - 4878, 4*z = -o + 1557 + 3314. Suppose 2*p - 29 = 13. Calculate the remainder when z is divided by p.
19
Suppose -f = 2*n - 0*n - 8, -f - 28 = -4*n. Suppose -24430 = -2*k - 24072. What is the remainder when k is divided by n?
5
Let c = 31 - 10. Suppose 3*o = -4*a - 526, a - 9*o = -5*o - 141. Let k = a + 193. Calculate the remainder when k is divided by c.
18
Suppose 699 = 5*t - 0*i + 4*i, 4*t - i - 576 = 0. What is the remainder when t is divided by 2?
1
Let u = 8168 + -8148. What is the remainder when 1455 is divided by u?
15
Suppose -4*z - 3*c - 1514 - 1173 = 0, 3*c - 9 = 0. Let w = z + 739. What is the remainder when w is divided by 57?
8
Suppose -4*a + 5*s = 3*s - 414, -2*a + 192 = 2*s. Calculate the remainder when 114 is divided by a.
13
Suppose 132*p = -9633 + 50949. Calculate the remainder when p is divided by 27.
16
Let a(g) = -10*g + 135. Let z be a(13). Suppose 0 = 5*m + z*y - 75, 14 - 51 = -3*m + y. What is the remainder when m is divided by (-15)/(-2) - 2/4?
6
Let b(p) = -5*p - 3. Let x be (-1 - 0)/1 - 2. Suppose -82*c + 8*c = -3330. What is the remainder when c is divided by b(x)?
9
Let i(j) = -j**3 + 11*j**2 - 11*j + 4. Let y = 8920 + -8882. What is the remainder when i(8) is divided by y?
32
Suppose -32*o - 73*o - 17*o + 19154 = 0. What is the remainder when 161 is divided by o?
4
Suppose -46*r = -59*r, -5*g = r - 25. What is the remainder when 105 is divided by g?
0
Suppose -90 = 23*o - 26*o. Let d(j) be the third derivative of -3*j**4/8 + 7*j**3/6 - 6*j**2. Calculate the remainder when d(-12) is divided by o.
25
Let u be (-16)/(1/40 + 0). Calculate the remainder when -3 + (42/(-8))/(30/u) is divided by 22.
21
Suppose b - 1018 = -367*x + 366*x, -4126 = -4*b + 5*x. Calculate the remainder when b is divided by 114.
112
Suppose 4*l - 8 - 12 = 0. Suppose -l*t - 5*i - 36 = -7*i, -2*i = 3*t + 12. Let o(g) = g**3 + 6*g**2 + 11. Calculate the remainder when 52 is divided by o(t).
8
Let v(u) = -4*u + 50. Let o be v(2). What is the remainder when 15 is divided by (o/(-28))/(2/(-4))?
0
Suppose -8 = -k + 4*h, k + 58 = 6*k - 2*h. Let b = -238 - -281. Calculate the remainder when b is divided by k.
7
Let u = -46 + 74. Let c(n) = -7*n**2 + 19*n - 4. Let y be c(2). Calculate the remainder when 172 + 6/6 - y*1 is divided by u.
27
Let g be 4/16 - 6*(-281)/8. Let d = 380 - g. Calculate the remainder when d is divided by 43.
40
Let z(s) = 15*s + 67. Let k(d) = 32*d + 134. Let f(r) = -6*k(r) + 13*z(r). Calculate the remainder when 116 is divided by f(-12).
23
Let w be 5*(9/3 - -4). Let o be 0 - -20 - (-2 - (-18 + 11)). Suppose o*b + w = 125. Calculate the remainder when b is divided by 5.
1
Suppose 2*n - 2*t - 6096 = 1208, 16*n + 3*t = 58451. Calculate the remainder when n is divided by 244.
237
Let c(b) be the third derivative of -5*b**4/24 - 17*b**3/6 - 61*b**2. Calculate the remainder when 375 is divided by c(-11).
33
Suppose -5*l = 2*f + 3, -2*f + 4*l + 27 = 3*l. Suppose 2*k = -0*k + 16. Suppose -3*u = k*u - 572. Calculate the remainder when u is divided by f.
8
Suppose -182*t + 196*t - 10556 = 0. Calculate the remainder when t is divided by 38.
32
Let k(d) = 13*d - 268. Let j be k(28). Suppose -4*r + j = 4*q + 16, 5*r + 4*q - 105 = 0. Calculate the remainder when 50 is divided by r.
0
Let t(m) be the first derivative of -4*m**2 + 2 - 1/2*m**4 - 4*m - 2*m**3. Calculate the remainder when 59 is divided by t(-3).
19
Suppose 5*i = 91 - 106, 4*i = c - 1804. Calculate the remainder when c is divided by 66.
10
Let r(n) = 16*n**3 + 4*n**2 + 2*n + 2. Let p be r(5). Suppose p = 14*j + 10*j. Calculate the remainder when 263 is divided by j.
87
Suppose 0 = 4*j + m - 464, -580 = -5*j + 15*m - 10*m. Suppose s - j = 123. Calculate the remainder when s is divided by 10.
9
Let u be 7/((-238)/(-4)) + (-55374)/187. Let x = u + 700. Calculate the remainder when x is divided by 58.
56
Let b(w) be the first derivative of 8*w**2 - 80*w - 17. What is the remainder when 135 is divided by b(6)?
7
Calculate the remainder when 624 is divided by 4396/70 - (-2)/10.
57
What is the remainder when 18/(-12)*(-520)/12 is divided by 63?
2
Suppose -u + 10 = -5. Suppose -3*v + 0*v = -u. Let z = 186 + -183. Calculate the remainder when v is divided by z.
2
Suppose 40*z = 37*z + 291. What is the remainder when z is divided by 5/((-36)/450*5/(-2))?
22
Suppose 0 = -98*z + 71*z + 567. Calculate the remainder when z/(-4)*((-14848)/24)/8 is divided by 68.
66
Let i(b) = b + 1. Let v(x) = x - 18. Let w(l) = -3*i(l) + v(l). Let h be w(-12). What is the remainder when 202/4 + h/(-6) is divided by 26?
24
Let s = 9173 - 7665. What is the remainder when s is divided by 54?
50
Let o = 1668 + -1657. What is the remainder when 178 is divided by o?
2
Let j = 587 - 1122. Let k = -480 - j. Calculate the remainder when 267 is divided by k.
47
Let o(h) = 3*h**2 + 87*h - 891. Calculate the remainder when o(28) is divided by 65.
62
Suppose 103*p + 544 = 51*p + 54*p. What is the remainder when 1902 is divided by p?
270
Let y = -69 + 69. Suppose 2*f - 304 + 8 = y. What is the remainder when f is divided by 25?
23
Let z be -25*(-9)/90*42. Suppose 0 = r - 2*r + 15. What is the remainder when z + (r/5 - 3) is divided by 18?
15
Suppose -6 - 8 = -m. Let o = 2638 + -2630. What is the remainder when m is divided by o?
6
Let t(u) = -152*u + 3595. Calculate the remainder when t(20) is divided by 271.
13
Suppose 0 = 27*p - 28*p - 343. Let v = p + 404. Calculate the remainder when v is divided by 19.
4
Suppose -11*h = 323 - 884. What is the remainder when 261 is divided by h?
6
Let f = 16 + -12. What is the remainder when (-5 - (-3 - -5))*-9 is divided by f/(-12)*-57 + 3?
19
Suppose -3*s - 1049 = h - 2560, 2*s = 14. What is the remainder when h is divided by 125?
115
Suppose 268*v - 5803 - 12689 = 0. What is the remainder when v is divided by 20?
9
Let s = 39 + -34. Suppose 7*p 